/r)/((-2)/14). Suppose -3*c + 2*c - 57 = -4*a, 5*a - 63 = 4*c. Calculate the greatest common factor of i and a.
15
Let f(w) = w**3 - 5*w**2 + 2*w - 1. Let t be f(5). Let v = t - 5. Suppose 0*r = 2*r - v. Calculate the highest common divisor of r and 18.
2
Suppose 3*b + 3 = 15. Suppose -b*k + 22 + 22 = 0. Calculate the greatest common divisor of 55 and k.
11
Suppose 2 = -o + 6. Suppose o*d - 35 = -d. Calculate the greatest common divisor of 63 and d.
7
Let b be (-85)/(-5) - (3 - 3). What is the greatest common factor of b and 85?
17
Let v be (200/(-15))/(3/(-9)). Let s(j) = -11*j**3 - 2*j**2 - 2*j - 1. Let b be s(-1). Calculate the highest common factor of v and b.
10
Let y be (-586)/(-7) - (-2)/7. Suppose -5*f - 5*k = -255, 0*f = 2*f - 4*k - y. Calculate the greatest common divisor of 6 and f.
6
Let z(b) = 2*b + 12. Let x be z(6). What is the highest common factor of 120 and x?
24
Let a = 117 + -57. Suppose -l + 3*c + 31 = 0, 2*l + l = -2*c + a. Suppose 0*q - 3*q = -66. Calculate the greatest common factor of q and l.
22
Suppose 0*q + q = 4. Let j be 1629/15 + 4/10. Suppose 3*g - 78 = 2*w, 3*g + g - j = w. What is the greatest common divisor of g and q?
4
Let p(m) = m + 267. Let l be p(0). Suppose 78 = d + 5*h, 0*d = -4*d - 5*h + l. Calculate the greatest common factor of d and 7.
7
Suppose 4*n + 1 - 29 = 0. Suppose -o = 4*m - 43, -o + 0*o = -5*m - 34. Suppose -4*z + 347 = o. What is the greatest common divisor of z and n?
7
Suppose v - 4 = 2*v. Let d(j) = -25*j. Let t be d(v). Let o(z) = 21*z**2 + 2*z + 1. Let w be o(-1). Calculate the greatest common factor of w and t.
20
Let x(l) = -23*l - 7. Let o be x(-5). Let d(z) = -2*z**2 - 89*z - 32. Let s be d(-44). Calculate the greatest common factor of o and s.
12
Let w(u) = -u**3 - 3. Let f be w(-5). Let b = 172 - f. What is the highest common factor of 75 and b?
25
Suppose -4*g = 3*m - m - 40, 2*m - 3*g = 54. Suppose 4*n = -12, c - 45 = 4*c - n. Let q be 54/m*c/(-3). What is the highest common divisor of q and 8?
4
Suppose -65 - 35 = -l. Let u = 138 + -98. What is the greatest common factor of l and u?
20
Suppose 2*m - 27609 = 39351. Let f be (-4)/26 + m/117. Calculate the highest common factor of f and 26.
26
Let z = -30 + 54. What is the highest common divisor of 16 and z?
8
Let f(g) = 3*g**3 + 2*g**2 + 4*g - 3. Let w be f(3). What is the highest common factor of 12 and w?
12
Suppose -c = 4*l - 127, 5*l + 5*c - 69 - 101 = 0. Calculate the greatest common factor of l and 93.
31
Let a = 60 + -32. What is the highest common factor of 7 and a?
7
Let f(b) = b**2 - 14*b + 34. Let d be f(14). Let g(l) = 86*l - 1. Let n = 1 - 0. Let s be g(n). Calculate the highest common factor of s and d.
17
Let b(j) = 136*j**3 - j**2. Let i be b(1). Let x = -22 + 37. Calculate the greatest common divisor of i and x.
15
Suppose -5*f + 3*a = -72, -5*f + 5*a = -2*f - 40. Suppose 3*h + s = 24, -27 - f = -4*h + 2*s. Let k = 70 + 29. Calculate the greatest common factor of h and k.
9
Suppose 0 = -n + 4*n. Let p = 19 + n. What is the greatest common factor of p and 152?
19
Let f = -232 + 344. Suppose -4*w - 3*r = 6 - 1, -4*r - 5 = 5*w. Let g = 9 - w. What is the greatest common factor of g and f?
14
Let l be 9/6 + (-2)/(-4). Suppose 0 = 35*c - 38*c - 3. Let m = l - c. Calculate the greatest common divisor of 3 and m.
3
Let f = 3 - 1. Suppose -f*n - 1 = -19. Suppose -3*b = -2*b - n. Calculate the highest common factor of b and 45.
9
Let z(u) = -u + 17. Let t be z(11). Suppose 3*p - 33 = 5*k, 3*p = 2*p + 3*k + 15. Calculate the highest common divisor of p and t.
6
Suppose 5*o = 3*x + 71, 0 = -2*o + 4*x + 26 + 8. Calculate the greatest common factor of o and 78.
13
Suppose 3*w = 41 + 10. What is the highest common divisor of w and 136?
17
Let b be 1*15*544/51. Calculate the greatest common divisor of 64 and b.
32
Let m(d) = d**3 - 3*d**2 + 2*d - 3. Let a be m(3). Let g = -1 - -25. What is the highest common factor of g and a?
3
Suppose -b = 2*b - 36. Suppose b + 20 = h + 4*q, -2*h + 19 = -q. What is the greatest common divisor of 108 and h?
12
Let v be (-1602)/(-72) - ((-2)/(-8) + -1). Calculate the greatest common factor of 23 and v.
23
Let g be (-2)/(-11) + 106/22. Let t = 3 - 0. Suppose g*x = -4*d + 10, 0 = -t*d + 4*x - 6*x + 11. Calculate the greatest common divisor of d and 55.
5
Let b be 2/(-9) + 14575/99. What is the highest common factor of 21 and b?
21
Let t be 4/(-3) - 2/3. Let h be (2/t)/((-3)/15). Calculate the highest common factor of 20 and h.
5
Let u = -13 - -11. Let j(s) = s**2 + 8*s - 4. Let d be j(-8). Let p be 21/(6/u - d). Calculate the highest common divisor of p and 21.
21
Let x(q) = q**2 - 6*q - 1. Let m be x(-2). Calculate the greatest common factor of 2 and m.
1
Suppose 115 = 2*z + 3*m, z + 0*m - 55 = -m. What is the greatest common factor of 20 and z?
10
Let d(s) = 11*s**2 - 4*s + 4. Let q be d(2). What is the highest common factor of q and 5?
5
Suppose 6 - 1 = m. Suppose -m*s = -0*s + 35. Let b = -3 - s. What is the greatest common factor of b and 20?
4
Suppose -5*j = -3*l - 19, 3*l + 2*l - 15 = -j. Suppose 0 = p - 4 - 1, 4*p = l*d + 14. Calculate the greatest common divisor of d and 21.
3
Suppose 0*y - 95 = -5*b - 5*y, 2*b - y - 44 = 0. Calculate the greatest common divisor of b and 42.
21
Suppose -5*i + 128 = 23. Suppose 5*w - 4 = i. What is the greatest common factor of 15 and w?
5
Let m be (972/(-126))/(6/(-28)). What is the highest common factor of m and 48?
12
Let m be 6/2*(3 + -4). Let p(j) = -5*j**3 - 2*j**2 - 3*j + 3. Let r be p(m). Let l = r - 44. Calculate the highest common factor of l and 34.
17
Let n = -21 - -11. Let h be n/25 + (-17)/(-5). Calculate the highest common divisor of h and 27.
3
Suppose -12*n = -14*n + 22. Calculate the highest common factor of 11 and n.
11
Let r be 24/(-30) + (-22)/10. Let l(y) = y**2 + 2*y - 1. Let p be l(r). What is the greatest common factor of 1 and p?
1
Suppose 4*k - 3*k - 4 = 0. Suppose -3*o = -5*r + 81, -k*o + 3*o = -3. What is the highest common divisor of r and 144?
18
Suppose -3*f - 5 = -3*s + 19, 3*f = 2*s - 19. Calculate the highest common factor of 25 and s.
5
Suppose s = 6 - 2, -3*t + 61 = -5*s. Suppose i + 0*i - 27 = 0. Suppose 31 = 4*q + d - 5, 4*d + i = 3*q. Calculate the greatest common factor of t and q.
9
Suppose -j + 1 = -5. Let v(b) = b**2 - 2. Let n be v(2). Suppose n = -3*r + 11. Calculate the highest common divisor of r and j.
3
Let n(p) = -p**2 + 5*p - 3. Let g be n(2). Suppose 0 = -2*s - g*s + 540. Let r be 6/((-2 - -1)/(-2)). Calculate the highest common divisor of s and r.
12
Let z be 848/60 + (-64)/30 + 2. Calculate the highest common divisor of z and 70.
14
Let x be 27 - (-4 - 4 - -4). Calculate the greatest common divisor of x and 62.
31
Suppose 22*j = 26*j - 60. Calculate the highest common divisor of j and 135.
15
Let l be 104/6 + 2/(-6). Let r = 29 - l. Calculate the greatest common divisor of r and 132.
12
Suppose -i - 8 = -3*i. Suppose i*v - 10 = -v. What is the highest common factor of 10 and v?
2
Suppose 39*a = 34*a + 200. Calculate the greatest common factor of 280 and a.
40
Suppose 2*y - 3 = -h, 0 = 3*h + 3*y - y - 5. Let l be 2 + 5 + (-2)/h. Let j = 4 + 1. What is the highest common divisor of l and j?
5
Suppose 4*a - 10 = 38. Let t be -72*((-18)/27 - (-2)/12). Calculate the greatest common factor of t and a.
12
Let l = -13 + 16. Let g be (2 - (-26 + l)) + 3. Calculate the greatest common divisor of g and 196.
28
Let h be (15/(-12))/(1*2/(-96)). What is the highest common factor of 40 and h?
20
Suppose -7*d + 120 = -3*d. Suppose 0 = x + 4*x - 375. What is the highest common factor of x and d?
15
Let w(l) = l + 3*l**2 - l**2 - 2*l - 8 + 8*l. Let c be w(8). Suppose 3*q - 7 = 59. What is the highest common factor of c and q?
22
Suppose 3*d + 2 = 11, -d - 5 = -4*b. Suppose -b*h + 72 = -0*h. What is the greatest common factor of 90 and h?
18
Suppose 36 = 3*u - 4*k, u + 3 - 15 = 4*k. What is the highest common divisor of u and 48?
12
Let n be 16/(-10) + 1 - 112/(-20). Let p(g) = -8*g**3 - 3*g**2 - g + 1. Let h be p(-2). Calculate the highest common divisor of n and h.
5
Let u(z) = -7*z**3 + z**2 - 2*z + 1. Let l be u(-2). Calculate the greatest common divisor of l and 13.
13
Let u be (-52)/(-6) + (-4)/6. Let y be 